{"id":875,"date":"2022-12-15T08:27:47","date_gmt":"2022-12-15T08:27:47","guid":{"rendered":"https:\/\/m3c.universita.corsica\/lumi\/?page_id=875"},"modified":"2025-10-30T10:12:35","modified_gmt":"2025-10-30T10:12:35","slug":"comites","status":"publish","type":"page","link":"https:\/\/m3c.universita.corsica\/lumi\/comites\/","title":{"rendered":"Comit\u00e9s"},"content":{"rendered":"\t\t<div data-elementor-type=\"wp-page\" data-elementor-id=\"875\" class=\"elementor elementor-875\" data-elementor-post-type=\"page\">\n\t\t\t\t<div data-particle_enable=\"false\" data-particle-mobile-disabled=\"false\" class=\"elementor-element elementor-element-2ae162d e-flex e-con-boxed e-con e-parent\" data-id=\"2ae162d\" data-element_type=\"container\" data-e-type=\"container\">\n\t\t\t\t\t<div class=\"e-con-inner\">\n\t\t\t\t<div class=\"elementor-element elementor-element-8957bd4 elementor-widget elementor-widget-text-editor\" data-id=\"8957bd4\" data-element_type=\"widget\" data-e-type=\"widget\" data-widget_type=\"text-editor.default\">\n\t\t\t\t<div class=\"elementor-widget-container\">\n\t\t\t\t\t\t\t\t\t<h2>Comit\u00e9 scientifique<\/h2><p><strong>Pierre-Yves Beaurepaire<\/strong>, Professeur \u00e0 l\u2019Universit\u00e9 C\u00f4te d\u2019Azur, membre de l\u2019Institut Universitaire de France, historien de l\u2019Europe et du monde au si\u00e8cle des Lumi\u00e8res<\/p><p><strong>David Bell<\/strong>, Professeur \u00e0 l\u2019Universit\u00e9 de Princeton, Historien (XVIIIe et XIXe)<\/p><p><strong>Roberto Louvin<\/strong>, Professeur de droit public compar\u00e9 \u00e0 l\u2019Universit\u00e9 de Trieste<\/p><p><strong>Luigi Mascilli Migliorini<\/strong>, Professeur \u00e0 l\u2019Universit\u00e9 de Naples \u00ab\u00a0L\u2019Orientale\u00a0\u00bb, historien, Directeur de la Rivista italiana di studi napoleonici<\/p><p><strong>Anne-Marie Thiesse<\/strong>, Directrice de recherches au CNRS, histoire culturelle<\/p>\t\t\t\t\t\t\t\t<\/div>\n\t\t\t\t<\/div>\n\t\t\t\t<div class=\"elementor-element elementor-element-efe8d55 elementor-widget-divider--view-line elementor-widget elementor-widget-divider\" data-id=\"efe8d55\" data-element_type=\"widget\" data-e-type=\"widget\" data-widget_type=\"divider.default\">\n\t\t\t\t<div class=\"elementor-widget-container\">\n\t\t\t\t\t\t\t<div class=\"elementor-divider\">\n\t\t\t<span class=\"elementor-divider-separator\">\n\t\t\t\t\t\t<\/span>\n\t\t<\/div>\n\t\t\t\t\t\t<\/div>\n\t\t\t\t<\/div>\n\t\t\t\t<div class=\"elementor-element elementor-element-3e9e93d elementor-widget elementor-widget-text-editor\" data-id=\"3e9e93d\" data-element_type=\"widget\" data-e-type=\"widget\" data-widget_type=\"text-editor.default\">\n\t\t\t\t<div class=\"elementor-widget-container\">\n\t\t\t\t\t\t\t\t\t<h2>Comit\u00e9<strong> de Pilotage<\/strong><\/h2><p>\u2013\u00a0<strong>Laetizia Castellani<\/strong>, Professeur certifi\u00e9e, Universit\u00e9 de Corse, histoire (XIXe si\u00e8cle)<\/p><p>\u2013\u00a0<strong>Jean-Yves Coppolani\u00a0\u2020<\/strong>\u00a0, Professeur \u00e9m\u00e9rite des universit\u00e9s en histoire du droit et des institutions, Universit\u00e9 de Corse<\/p><p>\u2013\u00a0<strong>Alain Di Meglio<\/strong>, Professeur des universit\u00e9s, Universit\u00e9 de Corse, langue et culture corses<\/p><p>\u2013\u00a0<strong>Thierry Dominici<\/strong>, Ma\u00eetre de conf\u00e9rences \u00e0 l\u2019Universit\u00e9 de Bordeaux, sciences politiques<\/p><p>\u2013\u00a0<strong>Eric Dubesset<\/strong>, Professeur des universit\u00e9s, Directeur du Centre Montesquieu de Recherches Politiques, Universit\u00e9 de Bordeaux, sciences politiques<\/p><p>\u2013\u00a0<strong>Bruno Garnier<\/strong>, Professeur des universit\u00e9s, Universit\u00e9 de Corse, sciences de l\u2019\u00e9ducation<\/p><p>\u2013\u00a0<strong>Eug\u00e8ne Gherardi<\/strong>, Professeur des universit\u00e9s, Directeur de l\u2019UMR LISA 6240, Universit\u00e9 de Corse, histoire culturelle<\/p><p>\u2013\u00a0<strong>Antoine-Marie Graziani<\/strong>, Professeur des universit\u00e9s, Universit\u00e9 de Corse, histoire (XVIIIe si\u00e8cle)<\/p><p>\u2013\u00a0<strong>Sylvain Gregori<\/strong>, Directeur du mus\u00e9e de Bastia, histoire<\/p><p>\u2013\u00a0<strong>Florence Jean-Coppolani<\/strong>, Ma\u00eetre de conf\u00e9rences, Universit\u00e9 de Corse, histoire du droit et des institutions, droit musulman<\/p><p>\u2013\u00a0<strong>Denis Jouffroy<\/strong>, Ma\u00eetre de conf\u00e9rences,\u00a0Universit\u00e9 de Corse, anthropologie<\/p><p>\u2013\u00a0<strong>Christophe Luzi<\/strong>, Ing\u00e9nieur de recherche CNRS, HDR,\u00a0Universit\u00e9 de Corse, humanit\u00e9s num\u00e9riques<\/p><p>\u2013\u00a0<strong>Wanda Mastor<\/strong>,\u00a0Professeur des universit\u00e9s,\u00a0Universit\u00e9 de Toulouse, agr\u00e9g\u00e9e de droit public<\/p><p>\u2013\u00a0<strong>Jean-Marc Olivesi<\/strong>, Conservateur de la maison Bonaparte \u00e0 Ajaccio, histoire de l\u2019art<\/p><p>\u2013\u00a0<strong>St\u00e9phane Paquin<\/strong>, Professeur \u00e0 l\u2019\u00c9cole nationale d\u2019administration publique (ENAP), co-directeur de la collection \u00ab\u00a0Politique mondiale\u00a0\u00bb aux presses de l\u2019Universit\u00e9 de Montr\u00e9al, Qu\u00e9bec, \u00e9conomie politique internationale et compar\u00e9e<\/p><p>\u2013\u00a0<strong>Jean-Paul Pellegrinetti<\/strong>,\u00a0Professeur des universit\u00e9s,\u00a0directeur de publication de la revue\u00a0<em>Cahiers de la M\u00e9diterran\u00e9e<\/em>\u00a0et de la revue\u00a0<em>\u00c9tudes Corses<\/em>, Universit\u00e9 de Nice, histoire (XIXe si\u00e8cle)<\/p><p>\u2013\u00a0<strong>Marcandria Perault<\/strong>\u00a0: Docteur, Maison fran\u00e7aise d\u2019Oxford, Universit\u00e9 des Antilles, histoire<\/p><p>\u2013\u00a0<strong>Jean-Dominique Poli<\/strong>, Ma\u00eetre de conf\u00e9rences, Universit\u00e9 de Corse, litt\u00e9rature<\/p><p>\u2013\u00a0<strong>G\u00e9raud Poumar\u00e8de<\/strong>, Professeur des universit\u00e9s, Sorbonne Universit\u00e9, histoire moderne<\/p><p>\u2013\u00a0<strong>Fran\u00e7ois Quastana<\/strong>, Professeur des universit\u00e9s, Aix-Marseille Universit\u00e9, histoire du droit et des institutions<\/p><p>\u2013\u00a0<strong>S\u00e9bastien Quenot<\/strong>, Ma\u00eetre de conf\u00e9rences,\u00a0responsable de la chaire Unesco \u00ab\u00a0Devenirs en M\u00e9diterran\u00e9e\u00a0\u00bb, Universit\u00e9 de Corse, sociologie, imaginaire<\/p><p>\u2013\u00a0<strong>Didier Rey<\/strong>, Professeur des universit\u00e9s,\u00a0Universit\u00e9 de Corse, histoire contemporaine<\/p><p>\u2013\u00a0<strong>Guillaume Rousseau<\/strong>, Professeur agr\u00e9g\u00e9, Universit\u00e9 de Sherbrooke, droit public<\/p><p>\u2013\u00a0<strong>Fran\u00e7ois Saint-Bonnet<\/strong>, Professeur des universit\u00e9s, Universit\u00e9 Paris Panth\u00e9on-Assas, histoire du droit<\/p><p>\u2013\u00a0<strong>Daniel-Louis Seiler<\/strong>, Professeur des universit\u00e9s, Sciences Po Aix-en-Provence<\/p><p>\u2013\u00a0<strong>Kamel Skander<\/strong>, Professeur, Directeur du Laboratoire d\u2019\u00c9tudes et de Recherches Interdisciplinaires et Compar\u00e9es de l\u2019Universit\u00e9 de Sfax, litt\u00e9rature<\/p><p>\u2013\u00a0<strong>Jean-Guy Talamoni<\/strong>, Avocat, enseignant-chercheur HDR \u00e0 l\u2019Universit\u00e9 de Corse, Histoire de la litt\u00e9rature, histoire des id\u00e9es<\/p><p>\u2013\u00a0<strong>Jacques Thiers<\/strong>, Professeur des universit\u00e9s \u00e9m\u00e9rite, Universit\u00e9 de Corse, langue et culture corses<\/p><p>\u2013\u00a0<strong>Pierre-Antoine Tomasi<\/strong>, enseignant-chercheur \u00e0 l\u2019Universit\u00e9 de Corse, droit public<\/p><p>\u2013\u00a0<strong>Marie-France Verdier<\/strong>, Ma\u00eetre de conf\u00e9rences HDR \u00e0 l\u2019Universit\u00e9 de Bordeaux, Directrice de la revue de droit constitutionnel compar\u00e9<em>\u00a0Politeia<\/em>, droit public<\/p><p>\u2013\u00a0<strong>Michel Verg\u00e9-Franceschi<\/strong>, Professeur des universit\u00e9s, universit\u00e9 de Tours, histoire (XVIIIe si\u00e8cle)<\/p>\t\t\t\t\t\t\t\t<\/div>\n\t\t\t\t<\/div>\n\t\t\t\t<div class=\"elementor-element elementor-element-bf0b545 elementor-widget-divider--view-line elementor-widget elementor-widget-divider\" data-id=\"bf0b545\" data-element_type=\"widget\" data-e-type=\"widget\" data-widget_type=\"divider.default\">\n\t\t\t\t<div class=\"elementor-widget-container\">\n\t\t\t\t\t\t\t<div class=\"elementor-divider\">\n\t\t\t<span class=\"elementor-divider-separator\">\n\t\t\t\t\t\t<\/span>\n\t\t<\/div>\n\t\t\t\t\t\t<\/div>\n\t\t\t\t<\/div>\n\t\t\t\t<div class=\"elementor-element elementor-element-65f9a62 elementor-widget elementor-widget-text-editor\" data-id=\"65f9a62\" data-element_type=\"widget\" data-e-type=\"widget\" data-widget_type=\"text-editor.default\">\n\t\t\t\t<div class=\"elementor-widget-container\">\n\t\t\t\t\t\t\t\t\t<h2><strong>Comit\u00e9 d&rsquo;\u00e9valuation :<\/strong><\/h2><ul><li><strong>Davia BENEDETTI<\/strong>, UMR Lisa, Universit\u00e9 de Corse<\/li><li><strong>Ang\u00e9lique BLANC-SERRA<\/strong>, UMR Lisa, Universit\u00e9 de Corse<\/li><li><strong>Laetizia CASTELLANI<\/strong>, UMR Lisa, Universit\u00e9 de Corse<\/li><li><strong>Florence COPPOLANI<\/strong>, UMR Lisa, Universit\u00e9 de Corse<\/li><li><strong>Thibaut DAUPHIN<\/strong>, Institut de Recherche Montesquieu, Universit\u00e9 de Bordeaux<\/li><li><strong>Alain DI MEGLIO<\/strong>, UMR Lisa, Universit\u00e9 de Corse<\/li><li><strong>Tony FOGACCI<\/strong>, UMR Lisa, Universit\u00e9 de Corse<\/li><li><strong>Denis JOUFFROY<\/strong>, UMR Lisa, Universit\u00e9 de Corse<\/li><li><strong>Vannina LARI<\/strong>, UMR Lisa, Universit\u00e9 de Corse<\/li><li><strong>Christophe LUZI<\/strong>, CNRS<\/li><li><strong>Wanda MASTOR<\/strong>, \u00c9quipe M\u00e9diterran\u00e9enne de Recherche Juridique, Universit\u00e9 de Corse<\/li><li><strong>Erick MICELI<\/strong>, UMR Lisa, Universit\u00e9 de Corse<\/li><li><strong>Josepha MILAZZO<\/strong>, UMR Lisa, Universit\u00e9 de Corse<\/li><li><strong>Marcandria PERAUT<\/strong>, Maison fran\u00e7aise d\u2019Oxford, Universit\u00e9 des Antilles<\/li><li><strong>Muriel POLI<\/strong>, UMR Lisa, Universit\u00e9 de Corse<\/li><li><strong>S\u00e9bastien QUENOT<\/strong>, UMR Lisa, Universit\u00e9 de Corse<\/li><li><strong>Agn\u00e8s ROGLIANO-DESIDERI<\/strong>, UMR Lisa, Universit\u00e9 de Corse<\/li><li><strong>Don Mathieu SANTINI<\/strong>, UMR Lisa, Universit\u00e9 de Corse<\/li><li><strong>Nicolas SORBA<\/strong>, UMR Lisa, Universit\u00e9 de Corse<\/li><li><strong>Serena TALAMONI<\/strong>, Universit\u00e0 di Corsica Pasquale Paoli et Universit\u00e0 della Svizzera Italiana<\/li><li><strong>Pierre-Antoine TOMASI<\/strong>, \u00c9quipe M\u00e9diterran\u00e9enne de Recherche Juridique, Universit\u00e9 de Corse<\/li><\/ul>\t\t\t\t\t\t\t\t<\/div>\n\t\t\t\t<\/div>\n\t\t\t\t<div class=\"elementor-element elementor-element-ce917db elementor-widget-divider--view-line elementor-widget elementor-widget-divider\" data-id=\"ce917db\" data-element_type=\"widget\" data-e-type=\"widget\" data-widget_type=\"divider.default\">\n\t\t\t\t<div class=\"elementor-widget-container\">\n\t\t\t\t\t\t\t<div class=\"elementor-divider\">\n\t\t\t<span class=\"elementor-divider-separator\">\n\t\t\t\t\t\t<\/span>\n\t\t<\/div>\n\t\t\t\t\t\t<\/div>\n\t\t\t\t<\/div>\n\t\t\t\t<div class=\"elementor-element elementor-element-4904f83 elementor-widget elementor-widget-text-editor\" data-id=\"4904f83\" data-element_type=\"widget\" data-e-type=\"widget\" data-widget_type=\"text-editor.default\">\n\t\t\t\t<div class=\"elementor-widget-container\">\n\t\t\t\t\t\t\t\t\t<h2><strong>Comit\u00e9 de r\u00e9daction :<\/strong><\/h2><ul><li><strong>Eug\u00e8ne Gherardi<\/strong><\/li><li><strong>Christophe Luzi<\/strong><\/li><li><strong>Wanda Mastor<\/strong><\/li><li><strong>S\u00e9bastien Quenot<\/strong><\/li><li><strong>Jean-Guy Talamoni<\/strong><\/li><li><strong>Pierre-Antoine Tomasi<\/strong><\/li><\/ul>\t\t\t\t\t\t\t\t<\/div>\n\t\t\t\t<\/div>\n\t\t\t\t<div class=\"elementor-element elementor-element-943f605 elementor-widget-divider--view-line elementor-widget elementor-widget-divider\" data-id=\"943f605\" data-element_type=\"widget\" data-e-type=\"widget\" data-widget_type=\"divider.default\">\n\t\t\t\t<div class=\"elementor-widget-container\">\n\t\t\t\t\t\t\t<div class=\"elementor-divider\">\n\t\t\t<span class=\"elementor-divider-separator\">\n\t\t\t\t\t\t<\/span>\n\t\t<\/div>\n\t\t\t\t\t\t<\/div>\n\t\t\t\t<\/div>\n\t\t\t\t<div class=\"elementor-element elementor-element-ac0c070 elementor-widget elementor-widget-text-editor\" data-id=\"ac0c070\" data-element_type=\"widget\" data-e-type=\"widget\" data-widget_type=\"text-editor.default\">\n\t\t\t\t<div class=\"elementor-widget-container\">\n\t\t\t\t\t\t\t\t\t<h2><strong>Direction scientifique\u00a0:<\/strong><\/h2><ul><li>Jean-Guy Talamoni<\/li><\/ul>\t\t\t\t\t\t\t\t<\/div>\n\t\t\t\t<\/div>\n\t\t\t\t\t<\/div>\n\t\t\t\t<\/div>\n\t\t<div data-particle_enable=\"false\" data-particle-mobile-disabled=\"false\" class=\"elementor-element elementor-element-9654d34 e-flex e-con-boxed e-con e-parent\" data-id=\"9654d34\" data-element_type=\"container\" data-e-type=\"container\" data-settings=\"{&quot;background_background&quot;:&quot;classic&quot;}\">\n\t\t\t\t\t<div class=\"e-con-inner\">\n\t\t<div data-particle_enable=\"false\" data-particle-mobile-disabled=\"false\" class=\"elementor-element elementor-element-e293b00 e-con-full e-flex e-con e-child\" data-id=\"e293b00\" data-element_type=\"container\" data-e-type=\"container\">\n\t\t\t\t<div class=\"elementor-element elementor-element-eb0ba73 elementor-widget elementor-widget-heading\" data-id=\"eb0ba73\" data-element_type=\"widget\" data-e-type=\"widget\" data-widget_type=\"heading.default\">\n\t\t\t\t<div class=\"elementor-widget-container\">\n\t\t\t\t\t<h2 class=\"elementor-heading-title elementor-size-default\">Lumi<\/h2>\t\t\t\t<\/div>\n\t\t\t\t<\/div>\n\t\t\t\t<div class=\"elementor-element elementor-element-d8fc1fa elementor-widget elementor-widget-text-editor\" data-id=\"d8fc1fa\" data-element_type=\"widget\" data-e-type=\"widget\" data-widget_type=\"text-editor.default\">\n\t\t\t\t<div class=\"elementor-widget-container\">\n\t\t\t\t\t\t\t\t\t<p>Cette revue s\u2019inscrit dans le sillon scientifique trac\u00e9 depuis 2014 \u00e0 l\u2019Universit\u00e9 de Corse et \u00e0 l\u2019UMR CNRS Lisa, \u00e0 travers le projet Paoli-Napol\u00e9on. Ce dernier a g\u00e9n\u00e9r\u00e9 de nombreux s\u00e9minaires et colloques internationaux organis\u00e9s dans une logique r\u00e9solument transdisciplinaire autour de ces deux grandes figures historiques, mais \u00e9galement des Lumi\u00e8res, des r\u00e9volutions, ainsi que de leurs post\u00e9rit\u00e9s jusqu\u2019\u00e0 nos jours. Les disciplines convoqu\u00e9es \u00e0 travers ces travaux sont nombreuses : histoire, droit, litt\u00e9rature, science politique, histoire des id\u00e9es, histoire de l\u2019imaginaire, mais \u00e9galement \u2013 dans une perspective de valorisation \u2013 les sciences de gestion et le d\u00e9veloppement territorial&#8230;.<\/p>\t\t\t\t\t\t\t\t<\/div>\n\t\t\t\t<\/div>\n\t\t\t\t<div class=\"elementor-element elementor-element-564284c elementor-widget elementor-widget-button\" data-id=\"564284c\" data-element_type=\"widget\" data-e-type=\"widget\" data-widget_type=\"button.default\">\n\t\t\t\t<div class=\"elementor-widget-container\">\n\t\t\t\t\t\t\t\t\t<div class=\"elementor-button-wrapper\">\n\t\t\t\t\t<a class=\"elementor-button elementor-button-link elementor-size-sm\" href=\"https:\/\/m3c.universita.corsica\/lumi\/presentation\/\">\n\t\t\t\t\t\t<span class=\"elementor-button-content-wrapper\">\n\t\t\t\t\t\t\t\t\t<span class=\"elementor-button-text\">En savoir plus<\/span>\n\t\t\t\t\t<\/span>\n\t\t\t\t\t<\/a>\n\t\t\t\t<\/div>\n\t\t\t\t\t\t\t\t<\/div>\n\t\t\t\t<\/div>\n\t\t\t\t<\/div>\n\t\t<div data-particle_enable=\"false\" data-particle-mobile-disabled=\"false\" class=\"elementor-element elementor-element-44122d9 e-con-full e-flex e-con e-child\" data-id=\"44122d9\" data-element_type=\"container\" data-e-type=\"container\">\n\t\t\t\t<div class=\"elementor-element elementor-element-02bc282 elementor-widget elementor-widget-text-editor\" data-id=\"02bc282\" data-element_type=\"widget\" data-e-type=\"widget\" data-widget_type=\"text-editor.default\">\n\t\t\t\t<div class=\"elementor-widget-container\">\n\t\t\t\t\t\t\t\t\t<p><strong>Rivista di studii nantu \u00e0 l&rsquo;et\u00e0 di i Lumi \u00e8 di e Rivoluzioni, \u00e8 nantu a so pusterit\u00e0.<\/strong><\/p><p>Revue d\u2019\u00e9tudes sur l\u2019\u00e2ge des Lumi\u00e8res et des R\u00e9volutions, ainsi que sur leur post\u00e9rit\u00e9.<\/p><p>Science journal about the age of Enlightment and the Revolutions as well as their posterity.<\/p><p>Rivista di studi sull&rsquo;Et\u00e0 dei Lumi e delle Rivoluzioni, e sulla loro posterit\u00e0.<\/p><p>Rivista de ist\u00f9dios in contu de s&rsquo;edade de sos Lumes e de sas rivolutziones e subra sa posteridade issoro.<\/p><p>Revista dels estudis sobre la Il\u00b7lustraci\u00f3 i les Revolucions, i sobre la seva posteritat.<\/p><p>Revista de estudios sobre el Siglo de las Luces y las Revoluciones, as\u00ed como sobre su posteridad.<\/p><p>\u0395\u03c0\u03b9\u03c3\u03c4\u03b7\u03bc\u03bf\u03bd\u03b9\u03ba\u03ae \u03b1\u03bd\u03b1\u03c3\u03ba\u03cc\u03c0\u03b7\u03c3\u03b7 \u03b3\u03b9\u03b1 \u03c4\u03b7\u03bd \u0395\u03c0\u03bf\u03c7\u03ae \u03c4\u03bf\u03c5 \u0394\u03b9\u03b1\u03c6\u03c9\u03c4\u03b9\u03c3\u03bc\u03bf\u03cd \u03ba\u03b1\u03b9 \u03c4\u03b9\u03c2 \u03b5\u03c0\u03b1\u03bd\u03b1\u03c3\u03c4\u03ac\u03c3\u03b5\u03b9\u03c2, \u03ba\u03b1\u03b8\u03ce\u03c2 \u03ba\u03b1\u03b9 \u03c4\u03b9\u03c2 \u03b5\u03c0\u03b9\u03c0\u03c4\u03ce\u03c3\u03b5\u03b9\u03c2 \u03c4\u03bf\u03c5\u03c2.<\/p><p>\u05db\u05ea\u05d1 \u05e2\u05ea \u05de\u05d3\u05e2\u05d9 \u05e2\u05dc \u05e2\u05d9\u05d3\u05df \u05d4\u05e0\u05d0\u05d5\u05e8\u05d5\u05ea \u05d5\u05d4\u05de\u05d4\u05e4\u05db\u05d5\u05ea, \u05db\u05de\u05d5 \u05d2\u05dd \u05d4\u05e9\u05e4\u05e2\u05d5\u05ea\u05d9\u05d4\u05dd.<\/p><p>\u0645\u064e\u062c\u064e\u0644\u0651\u064e\u0629 \u0627\u0644\u062f\u0651\u0650\u0631\u0627\u0633\u064e\u0627\u062a \u062d\u064e\u0648\u0652\u0644\u064e \u0639\u064e\u0635\u0652\u0631\u0650 \u0627\u0644\u062a\u0651\u064e\u0646\u0652\u0648\u0650\u064a\u0631 \u0648\u0627\u0644\u062b\u0651\u064e\u0648\u0652\u0631\u064e\u0627\u062a\u0648\u0627\u0644\u0623\u064e\u062c\u0652\u064a\u0627\u0644 \u0627\u0644\u0644\u0651\u064e\u0627\u062d\u0650\u0642\u064e\u0629<\/p>\t\t\t\t\t\t\t\t<\/div>\n\t\t\t\t<\/div>\n\t\t\t\t<\/div>\n\t\t\t\t\t<\/div>\n\t\t\t\t<\/div>\n\t\t\t\t<\/div>\n\t\t","protected":false},"excerpt":{"rendered":"<p>Comit\u00e9 scientifique Pierre-Yves Beaurepaire, Professeur \u00e0 l\u2019Universit\u00e9 C\u00f4te d\u2019Azur, membre de l\u2019Institut Universitaire de France, historien de l\u2019Europe et du monde au si\u00e8cle des Lumi\u00e8res David Bell, Professeur \u00e0 l\u2019Universit\u00e9 de Princeton, Historien (XVIIIe et XIXe) Roberto Louvin, Professeur de droit public compar\u00e9 \u00e0 l\u2019Universit\u00e9 de Trieste Luigi Mascilli Migliorini, Professeur \u00e0 l\u2019Universit\u00e9 de Naples [&hellip;]<\/p>\n","protected":false},"author":1,"featured_media":0,"parent":0,"menu_order":0,"comment_status":"closed","ping_status":"closed","template":"","meta":{"_acf_changed":false,"footnotes":""},"class_list":["post-875","page","type-page","status-publish","hentry"],"acf":[],"_links":{"self":[{"href":"https:\/\/m3c.universita.corsica\/lumi\/wp-json\/wp\/v2\/pages\/875","targetHints":{"allow":["GET"]}}],"collection":[{"href":"https:\/\/m3c.universita.corsica\/lumi\/wp-json\/wp\/v2\/pages"}],"about":[{"href":"https:\/\/m3c.universita.corsica\/lumi\/wp-json\/wp\/v2\/types\/page"}],"author":[{"embeddable":true,"href":"https:\/\/m3c.universita.corsica\/lumi\/wp-json\/wp\/v2\/users\/1"}],"replies":[{"embeddable":true,"href":"https:\/\/m3c.universita.corsica\/lumi\/wp-json\/wp\/v2\/comments?post=875"}],"version-history":[{"count":97,"href":"https:\/\/m3c.universita.corsica\/lumi\/wp-json\/wp\/v2\/pages\/875\/revisions"}],"predecessor-version":[{"id":4986,"href":"https:\/\/m3c.universita.corsica\/lumi\/wp-json\/wp\/v2\/pages\/875\/revisions\/4986"}],"wp:attachment":[{"href":"https:\/\/m3c.universita.corsica\/lumi\/wp-json\/wp\/v2\/media?parent=875"}],"curies":[{"name":"wp","href":"https:\/\/api.w.org\/{rel}","templated":true}]}}